8982108.
2, 389, 359243
List the prime factors of 21057789.
3, 7019263
List the prime factors of 9266003.
17, 47, 11597
What are the prime factors of 1621786181?
79, 503, 40813
What are the prime factors of 5895975?
3, 5, 127, 619
What are the prime factors of 18883231?
71, 265961
What are the prime factors of 1556208428?
2, 23, 107, 113, 1399
What are the prime factors of 1342886598?
2, 3, 19, 3926569
List the prime factors of 70771950.
2, 3, 5, 157271
List the prime factors of 525777195.
3, 5, 83, 422311
What are the prime factors of 68563707?
3, 22854569
What are the prime factors of 1027122920?
2, 5, 71, 361663
List the prime factors of 48658451.
48658451
List the prime factors of 266368309.
266368309
What are the prime factors of 148123664?
2, 13, 712133
What are the prime factors of 45391318?
2, 7, 3242237
What are the prime factors of 2422413534?
2, 3, 103, 3919763
List the prime factors of 40455792.
2, 3, 13, 21611
List the prime factors of 2923703985.
3, 5, 137, 1422727
List the prime factors of 501112511.
421, 1190291
What are the prime factors of 7989985446?
2, 3, 31, 181, 237331
List the prime factors of 6913784764.
2, 34981, 49411
List the prime factors of 18165051.
3, 317, 6367
List the prime factors of 538374861.
3, 19, 31, 101561
List the prime factors of 2861486.
2, 31, 46153
What are the prime factors of 218037513?
3, 72679171
What are the prime factors of 709106945?
5, 563, 251903
List the prime factors of 2081353774.
2, 1040676887
List the prime factors of 118084605.
3, 5, 109, 72223
List the prime factors of 2144140606.
2, 17, 31, 61, 33349
List the prime factors of 40387918.
2, 401, 50359
List the prime factors of 4027479553.
4027479553
List the prime factors of 29036096.
2, 631, 719
List the prime factors of 1004475563.
7, 13, 11038193
What are the prime factors of 301049897?
31, 179, 227, 239
What are the prime factors of 553258115?
5, 17, 311, 20929
What are the prime factors of 2824767568?
2, 7, 1621, 15559
What are the prime factors of 236130459?
3, 17, 4630009
What are the prime factors of 45678446?
2, 11, 2076293
What are the prime factors of 153172487?
13, 919, 12821
List the prime factors of 54646212.
2, 3, 4553851
What are the prime factors of 79934712?
2, 3, 11, 13, 23291
What are the prime factors of 282478454?
2, 141239227
What are the prime factors of 598719604?
2, 7, 21382843
List the prime factors of 278049098.
2, 10733, 12953
What are the prime factors of 2238279034?
2, 79, 14166323
What are the prime factors of 4048937538?
2, 3, 674822923
List the prime factors of 26544843.
3, 13, 19, 11941
What are the prime factors of 391180453?
391180453
List the prime factors of 6169677693.
3, 2056559231
List the prime factors of 923274217.
107, 163, 52937
What are the prime factors of 86013395?
5, 13, 137, 743
What are the prime factors of 36521665?
5, 7304333
List the prime factors of 2019053626.
2, 1009526813
List the prime factors of 1361862406.
2, 8761, 77723
List the prime factors of 1018955765.
5, 37, 67, 82207
What are the prime factors of 65771825?
5, 7, 19, 131, 151
List the prime factors of 1868033426.
2, 7, 133430959
What are the prime factors of 60492060?
2, 3, 5, 83, 4049
List the prime factors of 4993375619.
4993375619
What are the prime factors of 312318987?
3, 443, 235003
List the prime factors of 22685295.
3, 5, 43, 35171
List the prime factors of 1749230077.
7, 35698573
What are the prime factors of 439781364?
2, 3, 11, 17, 65327
What are the prime factors of 187229132?
2, 137, 341659
What are the prime factors of 3293104276?
2, 7, 11, 61, 175277
What are the prime factors of 883900572?
2, 3, 1087, 67763
List the prime factors of 5536789481.
83, 113, 397, 1487
List the prime factors of 574701131.
37, 15532463
What are the prime factors of 19993591?
1709, 11699
List the prime factors of 2825734897.
23, 122858039
What are the prime factors of 1854225928?
2, 3391, 68351
List the prime factors of 79481049.
3, 83, 319201
List the prime factors of 21096707.
19, 1110353
What are the prime factors of 2470535591?
17, 19, 239, 32003
What are the prime factors of 272286330?
2, 3, 5, 31, 37, 41, 193
What are the prime factors of 108149455?
5, 257, 84163
What are the prime factors of 552450796?
2, 3137, 44027
List the prime factors of 76154068.
2, 19038517
What are the prime factors of 37206911?
7, 43, 71, 1741
What are the prime factors of 199477700?
2, 5, 1994777
List the prime factors of 239387512.
2, 7, 13, 328829
List the prime factors of 799604085.
3, 5, 7, 23, 331099
List the prime factors of 1635291.
3, 7, 101, 257
List the prime factors of 278503709.
11, 421, 60139
List the prime factors of 1121055590.
2, 5, 112105559
What are the prime factors of 4174476975?
3, 5, 18553231
What are the prime factors of 8405462?
2, 13, 379, 853
List the prime factors of 1894031080.
2, 5, 41, 1154897
List the prime factors of 859079917.
859079917
What are the prime factors of 4256146829?
11, 31, 12481369
What are the prime factors of 178305728?
2, 19, 331, 443
What are the prime factors of 4860667242?
2, 3, 71, 3803339
What are the prime factors of 4364618034?
2, 3, 7, 103919477
What are the prime factors of 1768823764?
2, 2131, 207511
What are the prime factors of 760938189?
3, 11, 37, 623209
What are the prime factors of 810705241?
810705241
List the prime factors of 52014592.
2, 7, 23, 631
What are the prime factors of 1743483541?
1321, 1319821
What are the prime factors of 92181912?
2, 3, 3840913
What are the prime factors of 2676871696?
2, 19, 1973, 4463
List the prime factors of 1240229208.
2, 3, 51676217
List the prime factors of 26612405.
5, 787, 6763
List the prime factors of 1877458.
2, 11, 61, 1399
List the prime factors of 918878629.
1993, 461053
List the prime factors of 136772638.
2, 41, 1667959
What are the prime factors of 2289680852?
2, 2939, 194767
What are the prime factors of 58003602?
2, 3, 41, 235787
List the prime factors of 198303809.
11, 109, 165391
What are the prime factors of 4778510489?
227, 21050707
What are the prime factors of 237928941?
3, 139, 63397
List the prime factors of 153318609.
3, 89, 63803
What are the prime factors of 773721613?
7, 53, 229, 1301
List the prime factors of 860353259.
21661, 39719
List the prime factors of 37034130.
2, 3, 5, 7, 176353
What are the prime factors of 451624415?
5, 11, 8211353
What are the prime factors of 44084767?
23, 1916729
What are the prime factors of 488533961?
23, 1979, 10733
List the prime factors of 247684188.
2, 3, 109, 189361
List the prime factors of 186170829.
3, 13, 4773611
What are the prime factors of 214748804?
2, 53687201
What are the prime factors of 162338578?
2, 29, 2798941
What are the prime factors of 266323962?
2, 3, 641, 69247
What are the prime factors of 70660692?
2, 3, 23, 61, 1399
What are the prime factors of 152820968?
2, 43, 71, 6257
List the prime factors of 37568722.
2, 59, 181, 1759
What are the prime factors of 22383789?
3, 227, 32869
What are the prime factors of 60416562?
2, 3, 10069427
List the prime factors of 260200972.
2, 19, 3423697
List the prime factors of 1836093642.
2, 3, 131, 2335997
List the prime factors of 45903390.
2, 3, 5, 13, 117701
What are the prime factors of 95520283?
41, 2329763
List the prime factors of 83050537.
2417, 34361
List the prime factors of 773718899.
307, 2520257
What are the prime factors of 3717587814?
2, 3, 619597969
What are the prime factors of 110427515?
5, 11, 2007773
List the prime factors of 324289821.
3, 1093, 98899
List the prime factors of 99378492.
2, 3, 23, 47, 163
List the prime factors of 35441751.
3, 11813917
What are the prime factors of 3825631834?
2, 47, 40698211
List the prime factors of 45496622.
2, 23, 89, 11113
What are the prime factors of 747769144?
2, 1811, 51613
What are the prime factors of 87396234?
2, 3, 113, 128903
What are the prime factors of 30795199?
47, 643, 1019
List the prime factors of 5782843.
11, 525713
List the prime factors of 3090736202.
2, 109, 14177689
List the prime factors of 1877578152.
2, 3, 397, 197059
What are the prime factors of 135308197?
131, 1032887
What are the prime factors of 3311400088?
2, 787, 525953
What are the prime factors of 1187628201?
3, 223, 591743
What are the prime factors of 1037642231?
19, 54612749
Li